se 4) in base 15?
1d53
Convert -510 (base 6) to base 11.
-15a
What is 120222011 (base 3) in base 11?
8823
23221 (base 6) to base 2
110011111101
Convert -e0 (base 15) to base 3.
-21210
Convert 100011011011010 (base 2) to base 4.
10123122
What is 321202 (base 4) in base 3?
12001101
-1334241 (base 5) to base 3
-1101122112
What is 3151 (base 6) in base 10?
715
What is 250 (base 9) in base 14?
10b
What is -1313133 (base 4) in base 10?
-7647
Convert -24254 (base 6) to base 12.
-208a
Convert 202011 (base 6) to base 11.
11018
What is 7474 (base 9) in base 5?
133434
Convert -1002201 (base 3) to base 7.
-2224
What is 4234 (base 7) in base 11?
113a
What is -74d2 (base 16) in base 14?
-ac82
Convert -14773 (base 8) to base 5.
-203101
Convert 10011110100 (base 2) to base 11.
a53
What is 20323112 (base 4) in base 12?
191b2
What is 274 (base 15) in base 12?
3a7
-26512 (base 7) to base 2
-1101111001010
467 (base 13) to base 14
3c5
-2754 (base 10) to base 5
-42004
What is 31597 (base 11) in base 4?
23032031
214e (base 15) to base 9
10602
-10 (base 9) to base 13
-9
What is -13559 (base 13) in base 2?
-1000110011100111
Convert -b4 (base 14) to base 7.
-314
Convert -9503 (base 10) to base 2.
-10010100011111
13331 (base 4) to base 8
775
Convert 285 (base 14) to base 4.
13331
Convert 1d21 (base 16) to base 4.
1310201
What is 11258 (base 10) in base 14?
4162
Convert -a48 (base 15) to base 8.
-4416
-11100000110101 (base 2) to base 8
-34065
What is -11001001100011 (base 2) in base 3?
-122200202
What is -100113 (base 4) in base 14?
-54b
Convert c66 (base 14) to base 2.
100110001010
What is -1145 (base 9) in base 8?
-1523
120 (base 11) to base 14
a3
Convert 121222020 (base 3) to base 15.
39ec
22062 (base 12) to base 11
308a1
-3393 (base 15) to base 9
-16003
Convert -972 (base 13) to base 7.
-4464
What is 140 (base 10) in base 9?
165
-1001000010010 (base 2) to base 10
-4626
Convert -150 (base 9) to base 15.
-86
Convert 627b (base 16) to base 11.
17a3a
Convert -256e (base 15) to base 5.
-223404
What is -86b (base 16) in base 4?
-201223
What is -233301 (base 4) in base 6?
-22053
Convert -31209 (base 11) to base 6.
-550401
What is 446 (base 15) in base 8?
1706
a34 (base 16) to base 3
10120202
-188 (base 12) to base 8
-370
Convert 21211 (base 4) to base 6.
2501
What is 212301 (base 4) in base 5?
34411
Convert 1dcc (base 14) to base 9.
7450
What is -8756 (base 10) in base 15?
-28db
2a38 (base 15) to base 8
21535
551545 (base 6) to base 5
2431120
What is 514 (base 13) in base 8?
1536
Convert -76b5 (base 16) to base 9.
-45615
-3411 (base 5) to base 9
-584
What is -1287 (base 15) in base 12?
-2354
212221 (base 4) to base 12
1521
Convert 1001010 (base 3) to base 16.
2f7
What is -1001000101001 (base 2) in base 13?
-2168
What is -144024 (base 5) in base 13?
-2a43
-1332331 (base 4) to base 15
-261a
Convert 303223 (base 4) to base 8.
6353
Convert 1100010011010 (base 2) to base 8.
14232
-10185 (base 9) to base 4
-1220333
Convert 2225 (base 9) to base 15.
748
What is 11d7 (base 14) in base 5?
100004
-c9a8 (base 15) to base 9
-64485
What is 1018 (base 12) in base 10?
1748
44ba (base 12) to base 13
361c
What is 794 (base 15) in base 7?
4666
Convert -32102211 (base 4) to base 11.
-3aa82
-713 (base 11) to base 3
-1011220
5360 (base 8) to base 10
2800
-22233021 (base 4) to base 7
-242133
What is 945 (base 14) in base 5?
24300
Convert -1a7d (base 14) to base 9.
-6540
What is 1111111101111100 (base 2) in base 16?
ff7c
What is 1f43 (base 16) in base 6?
101015
Convert -17 (base 16) to base 3.
-212
Convert 167474 (base 8) to base 2.
1110111100111100
Convert -11c (base 15) to base 16.
-fc
What is 111311 (base 5) in base 13?
1a54
What is -1001022 (base 3) in base 11?
-635
3200120 (base 5) to base 15
10b40
Convert -10202202 (base 3) to base 11.
-2078
What is -2515 (base 12) in base 9?
-5668
-1359 (base 15) to base 5
-113014
What is 521150 (base 6) in base 2?
1010001100011010
What is 1075 (base 15) in base 14?
13ad
-17122 (base 8) to base 4
-1321102
Convert -6089 (base 12) to base 10.
-10473
Convert -2927 (base 10) to base 8.
-5557
Convert 474c (base 13) to base 11.
75a3
1011011000010 (base 2) to base 14
21a2
What is 21011 (base 4) in base 6?
2405
Convert -c40 (base 16) to base 13.
-1573
Convert -13c1 (base 16) to base 14.
-1bb3
Convert -2220 (base 8) to base 5.
-14133
-12a07 (base 11) to base 5
-1043040
Convert -21231 (base 5) to base 10.
-1441
What is -111120 (base 3) in base 11?
-303
318 (base 15) to base 11
585
-10211202 (base 3) to base 5
-42201
What is -208 (base 11) in base 8?
-372
Convert -133 (base 13) to base 11.
-182
What is 310431 (base 5) in base 4?
2132010
What is -154 (base 10) in base 13?
-bb
Convert -8618 (base 9) to base 16.
-18bf
Convert 2c35 (base 15) to base 6.
111552
Convert 10131 (base 4) to base 11.
23a
-10000011111011 (base 2) to base 7
-33421
-1185 (base 12) to base 16
-7b5
Convert 27a0 (base 14) to base 4.
1231120
-30b (base 13) to base 6
-2222
What is -8606 (base 11) in base 4?
-2301310
Convert 2868 (base 15) to base 14.
321a
-5527 (base 16) to base 13
-9bcb
Convert -6789 (base 16) to base 15.
-7cc0
Convert 0 (base 15) to base 7.
0
Convert 20233 (base 5) to base 2.
10100100110
Convert -254440 (base 7) to base 9.
-71681
What is -2121 (base 8) in base 13?
-670
Convert d4 (base 14) to base 11.
15a
What is 1000001021 (base 3) in base 9?
30037
What is 15780 (base 9) in base 16?
2a5d
22303 (base 4) to base 3
221121
What is -11551 (base 7) in base 13?
-14b9
1330022 (base 5) to base 8
64407
Convert 2898 (base 10) to base 15.
cd3
Convert -1211 (base 13) to base 4.
-213311
Convert 100211 (base 3) to base 7.
526
What is 177 (base 9) in base 11?
128
Convert -154400 (base 6) to base 4.
-3232200
Convert 5055 (base 6) to base 16.
45b
What is -339 (base 11) in base 3?
-120000
Convert -1113 (base 7) to base 5.
-3102
-18598 (base 11) to base 16
-6591
What is -22112 (base 4) in base 5?
-10122
Convert -141250 (base 8) to base 11.
-34492
2114 (base 6) to base 9
581
1420 (base 6) to base 16
174
-610 (base 11) to base 14
-3a9
-15313 (base 6) to base 14
-ca1
1437 (base 10) to base 6
10353
What is 711 (base 13) in base 7?
3330
-201212 (base 3) to base 14
-2a4
What is -10231 (base 4) in base 6?
-1221
-1113 (base 6) to base 16
-105
What is -1403 (base 8) in base 16?
-303
-1314 (base 7) to base 9
-616
-231210 (base 4) to base 14
-10c4
4969 (base 12) to base 6
102213
-441 (base 8) to base 9
-351
-46 (base 11) to base 13
-3b
Convert -1681b (base 15) to base 11.
-4a692
Convert 1101001000010 (base 2) to base 6.
51042
Convert 1493 (base 10) to base 2.
10111010101
Convert 4a47 (base 11) to base 10.
6585
13432 (base 8) to base 5
142124
-315 (base 12) to base 13
-287
Convert 10755 (base 11) to base 13.
7100
Convert -366 (base 13) to base 5.
-4331
Convert 101101011 (base 2) to base 12.
263
-111101011000000 (base 2) to base 8
-75300
-11269 (base 10) to base 7
-44566
3dc (base 15) to base 2
1101110010
What is -300003 (base 6) in base 16?
-5b23
Convert e177 (base 15) to base 2.
1011100111100011
What is 43413 (base 5) in base 2?
101110100111
-1761 (base 8) to base 16
-3f1
Convert 526 (base 7) to base 3.
100211
What is -b0d5 (base 16) in base 15?
-d62e
What is 1011010000101100 (base 2) in base 3?
2100021022
What is -3bb (base 12) in base 10?
-575
What is 6d4 (base 14) in base 4?
111102
7c (base 14) to base 12
92
Convert 213 (base 6) to base 4.
1101
What is -56 (base 13) in base 10?
-71
What is 33d8 (base 15) in base 4?
2223323
What is 893 (base 13) in base 12?
a28
3007 (base 12) to base 6
40011
Convert 112222011 (base 3) to base 14.
3d96
What is 62a4 (base 11) in base 6?
102342
Convert -4971 (base 10) to base 8.
-11553
Convert -26a2 (base 11) to base 9.
-4718
Convert -12326 (base 10) to base 14.
-46c6
Convert -270 (base 10) to base 11.
-226
Convert -2002310 (base 5) to base 14.
-b71a
Convert 10202221 (base 3) to base 11.
2082
370 (base 13) to base 9
734
Convert 122100 (base 4) to base 10.
1680
Convert 202 (base 12) to base 5.
2130
Convert 1230 (base 6) to base 4.
10302
What is 296 (base 10) in base 6?
1212
Convert -1359 (base 14) to base 9.
-4610
What is 29b7 (base 14) in base 9?
11146
What is -639c (base 13) in base 8?
-32772
-1300 (base 9) to base 4
-33030
What is 2024411 (base 5) in base 10?
33106
Convert 